{"id":4786,"date":"2021-08-31T10:27:40","date_gmt":"2021-08-31T08:27:40","guid":{"rendered":"https:\/\/sctbuilding.it\/?page_id=4786"},"modified":"2023-10-19T20:52:03","modified_gmt":"2023-10-19T18:52:03","slug":"chi-siamo","status":"publish","type":"page","link":"https:\/\/sctbuilding.it\/?page_id=4786","title":{"rendered":"Chi Siamo"},"content":{"rendered":"\t\t<div data-elementor-type=\"wp-page\" data-elementor-id=\"4786\" class=\"elementor elementor-4786\">\n\t\t\t\t\t\t<section class=\"elementor-section elementor-top-section elementor-element elementor-element-2650511 elementor-section-boxed elementor-section-height-default elementor-section-height-default\" data-id=\"2650511\" data-element_type=\"section\">\n\t\t\t\t\t\t<div class=\"elementor-container elementor-column-gap-default\">\n\t\t\t\t\t<div class=\"elementor-column elementor-col-100 elementor-top-column elementor-element elementor-element-7756ede ot-flex-column-vertical\" data-id=\"7756ede\" data-element_type=\"column\">\n\t\t\t<div class=\"elementor-widget-wrap elementor-element-populated\">\n\t\t\t\t\t\t<div class=\"elementor-element elementor-element-78d3936 elementor-widget elementor-widget-spacer\" data-id=\"78d3936\" data-element_type=\"widget\" data-widget_type=\"spacer.default\">\n\t\t\t\t<div class=\"elementor-widget-container\">\n\t\t\t\t\t\t\t<div class=\"elementor-spacer\">\n\t\t\t<div class=\"elementor-spacer-inner\"><\/div>\n\t\t<\/div>\n\t\t\t\t\t\t<\/div>\n\t\t\t\t<\/div>\n\t\t\t\t\t<\/div>\n\t\t<\/div>\n\t\t\t\t\t<\/div>\n\t\t<\/section>\n\t\t\t\t<section class=\"elementor-section elementor-top-section elementor-element elementor-element-ac12ad0 elementor-section-boxed elementor-section-height-default elementor-section-height-default\" data-id=\"ac12ad0\" data-element_type=\"section\">\n\t\t\t\t\t\t<div class=\"elementor-container elementor-column-gap-default\">\n\t\t\t\t\t<div class=\"elementor-column elementor-col-50 elementor-top-column elementor-element elementor-element-ed9f59e ot-flex-column-vertical\" data-id=\"ed9f59e\" data-element_type=\"column\">\n\t\t\t<div class=\"elementor-widget-wrap elementor-element-populated\">\n\t\t\t\t\t\t<div class=\"elementor-element elementor-element-283960b elementor-widget elementor-widget-image\" data-id=\"283960b\" data-element_type=\"widget\" data-widget_type=\"image.default\">\n\t\t\t\t<div class=\"elementor-widget-container\">\n\t\t\t\t\t\t\t\t\t\t\t\t\t\t\t<img fetchpriority=\"high\" decoding=\"async\" width=\"860\" height=\"700\" src=\"https:\/\/sctbuilding.it\/wp-content\/uploads\/2021\/08\/02-chisiamo-1.jpg\" class=\"attachment-large size-large wp-image-4848\" alt=\"\" srcset=\"https:\/\/sctbuilding.it\/wp-content\/uploads\/2021\/08\/02-chisiamo-1.jpg 860w, https:\/\/sctbuilding.it\/wp-content\/uploads\/2021\/08\/02-chisiamo-1-300x244.jpg 300w, https:\/\/sctbuilding.it\/wp-content\/uploads\/2021\/08\/02-chisiamo-1-768x625.jpg 768w\" sizes=\"(max-width: 860px) 100vw, 860px\" \/>\t\t\t\t\t\t\t\t\t\t\t\t\t\t\t<\/div>\n\t\t\t\t<\/div>\n\t\t\t\t\t<\/div>\n\t\t<\/div>\n\t\t\t\t<div class=\"elementor-column elementor-col-50 elementor-top-column elementor-element elementor-element-9a0039b ot-flex-column-vertical\" data-id=\"9a0039b\" data-element_type=\"column\">\n\t\t\t<div class=\"elementor-widget-wrap elementor-element-populated\">\n\t\t\t\t\t\t<div class=\"elementor-element elementor-element-6dc3769 elementor-widget elementor-widget-heading\" data-id=\"6dc3769\" data-element_type=\"widget\" data-widget_type=\"heading.default\">\n\t\t\t\t<div class=\"elementor-widget-container\">\n\t\t\t\t\t<h2 class=\"elementor-heading-title elementor-size-default\">SCT Building - La storia<\/h2>\t\t\t\t<\/div>\n\t\t\t\t<\/div>\n\t\t\t\t<div class=\"elementor-element elementor-element-1c8f706 elementor-widget elementor-widget-text-editor\" data-id=\"1c8f706\" data-element_type=\"widget\" data-widget_type=\"text-editor.default\">\n\t\t\t\t<div class=\"elementor-widget-container\">\n\t\t\t\t\t\t\t\t\t<p>\u00c8 interessante sapere che nel 2021 \u00e8 stata fondata la S.C.T. Building, un&#8217;azienda nel settore edile che unisce l&#8217;esperienza della famiglia Barbato, attiva nel settore dell&#8217;arredamento sin dagli anni &#8217;50, con la Barbato Mobili S.r.l. Questa sinergia \u00e8 stata creata con l&#8217;obiettivo di offrire ai clienti servizi sempre pi\u00f9 adeguati alle esigenze del mercato. Sicuramente, questa unione di competenze e esperienze pu\u00f2 portare a risultati molto positivi nel campo dell&#8217;edilizia e dell&#8217;arredamento<\/p>\t\t\t\t\t\t\t\t<\/div>\n\t\t\t\t<\/div>\n\t\t\t\t\t<\/div>\n\t\t<\/div>\n\t\t\t\t\t<\/div>\n\t\t<\/section>\n\t\t\t\t<section class=\"elementor-section elementor-top-section elementor-element elementor-element-b6a03d8 elementor-section-boxed elementor-section-height-default elementor-section-height-default\" data-id=\"b6a03d8\" data-element_type=\"section\">\n\t\t\t\t\t\t<div class=\"elementor-container elementor-column-gap-default\">\n\t\t\t\t\t<div class=\"elementor-column elementor-col-100 elementor-top-column elementor-element elementor-element-f32f8fb ot-flex-column-vertical\" data-id=\"f32f8fb\" data-element_type=\"column\">\n\t\t\t<div class=\"elementor-widget-wrap elementor-element-populated\">\n\t\t\t\t\t\t<div class=\"elementor-element elementor-element-0ddf5e9 elementor-widget elementor-widget-spacer\" data-id=\"0ddf5e9\" data-element_type=\"widget\" data-widget_type=\"spacer.default\">\n\t\t\t\t<div class=\"elementor-widget-container\">\n\t\t\t\t\t\t\t<div class=\"elementor-spacer\">\n\t\t\t<div class=\"elementor-spacer-inner\"><\/div>\n\t\t<\/div>\n\t\t\t\t\t\t<\/div>\n\t\t\t\t<\/div>\n\t\t\t\t\t<\/div>\n\t\t<\/div>\n\t\t\t\t\t<\/div>\n\t\t<\/section>\n\t\t\t\t<section class=\"elementor-section elementor-top-section elementor-element elementor-element-4ae034a elementor-section-full_width elementor-section-height-default elementor-section-height-default\" data-id=\"4ae034a\" data-element_type=\"section\">\n\t\t\t\t\t\t<div class=\"elementor-container elementor-column-gap-default\">\n\t\t\t\t\t<div class=\"elementor-column elementor-col-100 elementor-top-column elementor-element elementor-element-6bb5034 ot-flex-column-vertical\" data-id=\"6bb5034\" data-element_type=\"column\">\n\t\t\t<div class=\"elementor-widget-wrap elementor-element-populated\">\n\t\t\t\t\t\t<div class=\"elementor-element elementor-element-d24a01e elementor-widget elementor-widget-image\" data-id=\"d24a01e\" data-element_type=\"widget\" data-widget_type=\"image.default\">\n\t\t\t\t<div class=\"elementor-widget-container\">\n\t\t\t\t\t\t\t\t\t\t\t\t\t\t\t<img decoding=\"async\" width=\"1920\" height=\"400\" src=\"https:\/\/sctbuilding.it\/wp-content\/uploads\/2021\/08\/03-chisiamo.jpg\" class=\"attachment-full size-full wp-image-4855\" alt=\"\" srcset=\"https:\/\/sctbuilding.it\/wp-content\/uploads\/2021\/08\/03-chisiamo.jpg 1920w, https:\/\/sctbuilding.it\/wp-content\/uploads\/2021\/08\/03-chisiamo-300x63.jpg 300w, https:\/\/sctbuilding.it\/wp-content\/uploads\/2021\/08\/03-chisiamo-1024x213.jpg 1024w, https:\/\/sctbuilding.it\/wp-content\/uploads\/2021\/08\/03-chisiamo-768x160.jpg 768w, https:\/\/sctbuilding.it\/wp-content\/uploads\/2021\/08\/03-chisiamo-1536x320.jpg 1536w\" sizes=\"(max-width: 1920px) 100vw, 1920px\" \/>\t\t\t\t\t\t\t\t\t\t\t\t\t\t\t<\/div>\n\t\t\t\t<\/div>\n\t\t\t\t\t<\/div>\n\t\t<\/div>\n\t\t\t\t\t<\/div>\n\t\t<\/section>\n\t\t\t\t<section class=\"elementor-section elementor-top-section elementor-element elementor-element-c7e2107 elementor-section-boxed elementor-section-height-default elementor-section-height-default\" data-id=\"c7e2107\" data-element_type=\"section\">\n\t\t\t\t\t\t<div class=\"elementor-container elementor-column-gap-default\">\n\t\t\t\t\t<div class=\"elementor-column elementor-col-100 elementor-top-column elementor-element elementor-element-ad8a6ac ot-flex-column-vertical\" data-id=\"ad8a6ac\" data-element_type=\"column\">\n\t\t\t<div class=\"elementor-widget-wrap elementor-element-populated\">\n\t\t\t\t\t\t<div class=\"elementor-element elementor-element-c28e555 elementor-widget elementor-widget-heading\" data-id=\"c28e555\" data-element_type=\"widget\" data-widget_type=\"heading.default\">\n\t\t\t\t<div class=\"elementor-widget-container\">\n\t\t\t\t\t<h2 class=\"elementor-heading-title elementor-size-default\">TEAM<\/h2>\t\t\t\t<\/div>\n\t\t\t\t<\/div>\n\t\t\t\t\t<\/div>\n\t\t<\/div>\n\t\t\t\t\t<\/div>\n\t\t<\/section>\n\t\t\t\t<section class=\"elementor-section elementor-top-section elementor-element elementor-element-9915775 elementor-section-height-min-height elementor-section-full_width elementor-section-height-default elementor-section-items-middle\" data-id=\"9915775\" data-element_type=\"section\">\n\t\t\t\t\t\t<div class=\"elementor-container elementor-column-gap-custom\">\n\t\t\t\t\t<div class=\"elementor-column elementor-col-33 elementor-top-column elementor-element elementor-element-ed838c1 ot-flex-column-vertical\" data-id=\"ed838c1\" data-element_type=\"column\">\n\t\t\t<div class=\"elementor-widget-wrap elementor-element-populated\">\n\t\t\t\t\t\t<div class=\"elementor-element elementor-element-54f2899 elementor-invisible elementor-widget elementor-widget-imember\" data-id=\"54f2899\" data-element_type=\"widget\" data-settings=\"{&quot;_animation&quot;:&quot;fadeIn&quot;}\" data-widget_type=\"imember.default\">\n\t\t\t\t<div class=\"elementor-widget-container\">\n\t\t\t\t\t\r\n\t\t<div class=\"team-wrap\">\r\n\t\t\t\t\t\t<div class=\"team-thumb\">\r\n\t\t\t\t \r\n\t\t\t\t<img decoding=\"async\" width=\"1500\" height=\"1500\" src=\"https:\/\/sctbuilding.it\/wp-content\/uploads\/2021\/08\/luigi-1.jpg\" class=\"attachment-full size-full wp-image-4835\" alt=\"\" srcset=\"https:\/\/sctbuilding.it\/wp-content\/uploads\/2021\/08\/luigi-1.jpg 1500w, https:\/\/sctbuilding.it\/wp-content\/uploads\/2021\/08\/luigi-1-300x300.jpg 300w, https:\/\/sctbuilding.it\/wp-content\/uploads\/2021\/08\/luigi-1-1024x1024.jpg 1024w, https:\/\/sctbuilding.it\/wp-content\/uploads\/2021\/08\/luigi-1-150x150.jpg 150w, https:\/\/sctbuilding.it\/wp-content\/uploads\/2021\/08\/luigi-1-768x768.jpg 768w, https:\/\/sctbuilding.it\/wp-content\/uploads\/2021\/08\/luigi-1-720x720.jpg 720w\" sizes=\"(max-width: 1500px) 100vw, 1500px\" \/>\t\t\t\t \r\n\t\t\t<\/div>\r\n\t\t\t\t\t\t<div class=\"team-text-overlay\">\r\n\t\t\t\t<div class=\"team-info dtable\">\r\n\t\t\t\t\t<div class=\"dcell\">\r\n\t\t\t\t\t\t<h4 class=\"m_name\">Luigi Barbato<\/h4>\r\n\t\t\t\t\t\t\t\t\t\t\t\t<div class=\"team-social flex-middle\">\r\n\t\t\t\t\t\t\t<span class=\"ot-flaticon-add\"><\/span>\r\n\t\t\t\t\t\t\t\t\t                        \t\t                            <a rel=\"nofollow\" \r\n\t\t                                    href=\"https:\/\/\" class=\"twitter\" style=\"transition-delay: 0ms\">\r\n\t\t                                 <i class=\"fab fab fa-twitter\"><\/i>\r\n\t\t                            <\/a>\r\n\t\t                        \t\t                    \t\t                        \t\t                            <a rel=\"nofollow\" \r\n\t\t                                    href=\"https:\/\/\" class=\"facebook\" style=\"transition-delay: 100ms\">\r\n\t\t                                 <i class=\"fab fab fa-facebook-f\"><\/i>\r\n\t\t                            <\/a>\r\n\t\t                        \t\t                    \t\t                        \t\t                            <a rel=\"nofollow\" \r\n\t\t                                    href=\"https:\/\/\" class=\"pinterest\" style=\"transition-delay: 200ms\">\r\n\t\t                                 <i class=\"fab fab fa-pinterest-p\"><\/i>\r\n\t\t                            <\/a>\r\n\t\t                        \t\t                    \t\t\t\t\t\t<\/div>\r\n\t\t\t\t\t\t\t\t\t\t\t<\/div>\r\n\t\t\t\t\t<div class=\"m_extra\">\r\n\t\t\t\t\t\t<span>[ Amministratore ]<\/span>\r\n\t\t\t\t\t<\/div>\r\n\t\t\t\t<\/div>\r\n\t\t\t<\/div>\r\n\t\t<\/div>\r\n\t        \r\n\t    \t\t\t\t<\/div>\n\t\t\t\t<\/div>\n\t\t\t\t\t<\/div>\n\t\t<\/div>\n\t\t\t\t<div class=\"elementor-column elementor-col-33 elementor-top-column elementor-element elementor-element-06e07ce ot-flex-column-vertical\" data-id=\"06e07ce\" data-element_type=\"column\">\n\t\t\t<div class=\"elementor-widget-wrap elementor-element-populated\">\n\t\t\t\t\t\t<div class=\"elementor-element elementor-element-8041af7 elementor-widget elementor-widget-imember\" data-id=\"8041af7\" data-element_type=\"widget\" data-widget_type=\"imember.default\">\n\t\t\t\t<div class=\"elementor-widget-container\">\n\t\t\t\t\t\r\n\t\t<div class=\"team-wrap\">\r\n\t\t\t\t\t\t<div class=\"team-thumb\">\r\n\t\t\t\t \r\n\t\t\t\t<img loading=\"lazy\" decoding=\"async\" width=\"590\" height=\"593\" src=\"https:\/\/sctbuilding.it\/wp-content\/uploads\/2023\/10\/di-prisco.jpg\" class=\"attachment-full size-full wp-image-5109\" alt=\"\" srcset=\"https:\/\/sctbuilding.it\/wp-content\/uploads\/2023\/10\/di-prisco.jpg 590w, https:\/\/sctbuilding.it\/wp-content\/uploads\/2023\/10\/di-prisco-298x300.jpg 298w, https:\/\/sctbuilding.it\/wp-content\/uploads\/2023\/10\/di-prisco-150x150.jpg 150w\" sizes=\"(max-width: 590px) 100vw, 590px\" \/>\t\t\t\t \r\n\t\t\t<\/div>\r\n\t\t\t\t\t\t<div class=\"team-text-overlay\">\r\n\t\t\t\t<div class=\"team-info dtable\">\r\n\t\t\t\t\t<div class=\"dcell\">\r\n\t\t\t\t\t\t<h4 class=\"m_name\">Francesco Di Prisco<\/h4>\r\n\t\t\t\t\t\t\t\t\t\t\t\t<div class=\"team-social flex-middle\">\r\n\t\t\t\t\t\t\t<span class=\"ot-flaticon-add\"><\/span>\r\n\t\t\t\t\t\t\t\t\t                        \t\t                            <a rel=\"nofollow\" \r\n\t\t                                    href=\"https:\/\/\" class=\"twitter\" style=\"transition-delay: 0ms\">\r\n\t\t                                 <i class=\"fab fab fa-twitter\"><\/i>\r\n\t\t                            <\/a>\r\n\t\t                        \t\t                    \t\t                        \t\t                            <a rel=\"nofollow\" \r\n\t\t                                    href=\"https:\/\/\" class=\"facebook\" style=\"transition-delay: 100ms\">\r\n\t\t                                 <i class=\"fab fab fa-facebook-f\"><\/i>\r\n\t\t                            <\/a>\r\n\t\t                        \t\t                    \t\t                        \t\t                            <a rel=\"nofollow\" \r\n\t\t                                    href=\"https:\/\/\" class=\"pinterest\" style=\"transition-delay: 200ms\">\r\n\t\t                                 <i class=\"fab fab fa-pinterest-p\"><\/i>\r\n\t\t                            <\/a>\r\n\t\t                        \t\t                    \t\t\t\t\t\t<\/div>\r\n\t\t\t\t\t\t\t\t\t\t\t<\/div>\r\n\t\t\t\t\t<div class=\"m_extra\">\r\n\t\t\t\t\t\t<span>[ Interior Designer ]<\/span>\r\n\t\t\t\t\t<\/div>\r\n\t\t\t\t<\/div>\r\n\t\t\t<\/div>\r\n\t\t<\/div>\r\n\t        \r\n\t    \t\t\t\t<\/div>\n\t\t\t\t<\/div>\n\t\t\t\t\t<\/div>\n\t\t<\/div>\n\t\t\t\t<div class=\"elementor-column elementor-col-33 elementor-top-column elementor-element elementor-element-9a803ce ot-flex-column-vertical\" data-id=\"9a803ce\" data-element_type=\"column\">\n\t\t\t<div class=\"elementor-widget-wrap elementor-element-populated\">\n\t\t\t\t\t\t<div class=\"elementor-element elementor-element-3933674 elementor-widget elementor-widget-imember\" data-id=\"3933674\" data-element_type=\"widget\" data-widget_type=\"imember.default\">\n\t\t\t\t<div class=\"elementor-widget-container\">\n\t\t\t\t\t\r\n\t\t<div class=\"team-wrap\">\r\n\t\t\t\t\t\t<div class=\"team-thumb\">\r\n\t\t\t\t \r\n\t\t\t\t<img loading=\"lazy\" decoding=\"async\" width=\"867\" height=\"778\" src=\"https:\/\/sctbuilding.it\/wp-content\/uploads\/2023\/10\/noemi2.jpg\" class=\"attachment-full size-full wp-image-5110\" alt=\"\" srcset=\"https:\/\/sctbuilding.it\/wp-content\/uploads\/2023\/10\/noemi2.jpg 867w, https:\/\/sctbuilding.it\/wp-content\/uploads\/2023\/10\/noemi2-300x269.jpg 300w, https:\/\/sctbuilding.it\/wp-content\/uploads\/2023\/10\/noemi2-768x689.jpg 768w\" sizes=\"(max-width: 867px) 100vw, 867px\" \/>\t\t\t\t \r\n\t\t\t<\/div>\r\n\t\t\t\t\t\t<div class=\"team-text-overlay\">\r\n\t\t\t\t<div class=\"team-info dtable\">\r\n\t\t\t\t\t<div class=\"dcell\">\r\n\t\t\t\t\t\t<h4 class=\"m_name\">Noemi Cardone<\/h4>\r\n\t\t\t\t\t\t\t\t\t\t\t\t<div class=\"team-social flex-middle\">\r\n\t\t\t\t\t\t\t<span class=\"ot-flaticon-add\"><\/span>\r\n\t\t\t\t\t\t\t\t\t                        \t\t                            <a rel=\"nofollow\" \r\n\t\t                                    href=\"https:\/\/\" class=\"twitter\" style=\"transition-delay: 0ms\">\r\n\t\t                                 <i class=\"fab fab fa-twitter\"><\/i>\r\n\t\t                            <\/a>\r\n\t\t                        \t\t                    \t\t                        \t\t                            <a rel=\"nofollow\" \r\n\t\t                                    href=\"https:\/\/\" class=\"facebook\" style=\"transition-delay: 100ms\">\r\n\t\t                                 <i class=\"fab fab fa-facebook-f\"><\/i>\r\n\t\t                            <\/a>\r\n\t\t                        \t\t                    \t\t                        \t\t                            <a rel=\"nofollow\" \r\n\t\t                                    href=\"https:\/\/\" class=\"pinterest\" style=\"transition-delay: 200ms\">\r\n\t\t                                 <i class=\"fab fab fa-pinterest-p\"><\/i>\r\n\t\t                            <\/a>\r\n\t\t                        \t\t                    \t\t\t\t\t\t<\/div>\r\n\t\t\t\t\t\t\t\t\t\t\t<\/div>\r\n\t\t\t\t\t<div class=\"m_extra\">\r\n\t\t\t\t\t\t<span>[ Architetto ]<\/span>\r\n\t\t\t\t\t<\/div>\r\n\t\t\t\t<\/div>\r\n\t\t\t<\/div>\r\n\t\t<\/div>\r\n\t        \r\n\t    \t\t\t\t<\/div>\n\t\t\t\t<\/div>\n\t\t\t\t\t<\/div>\n\t\t<\/div>\n\t\t\t\t\t<\/div>\n\t\t<\/section>\n\t\t\t\t<section class=\"elementor-section elementor-top-section elementor-element elementor-element-7a38796 elementor-section-boxed elementor-section-height-default elementor-section-height-default\" data-id=\"7a38796\" data-element_type=\"section\">\n\t\t\t\t\t\t<div class=\"elementor-container elementor-column-gap-default\">\n\t\t\t\t\t<div class=\"elementor-column elementor-col-100 elementor-top-column elementor-element elementor-element-31bc686 ot-flex-column-vertical\" data-id=\"31bc686\" data-element_type=\"column\">\n\t\t\t<div class=\"elementor-widget-wrap elementor-element-populated\">\n\t\t\t\t\t\t<div class=\"elementor-element elementor-element-3de0313 elementor-widget elementor-widget-spacer\" data-id=\"3de0313\" data-element_type=\"widget\" data-widget_type=\"spacer.default\">\n\t\t\t\t<div class=\"elementor-widget-container\">\n\t\t\t\t\t\t\t<div class=\"elementor-spacer\">\n\t\t\t<div class=\"elementor-spacer-inner\"><\/div>\n\t\t<\/div>\n\t\t\t\t\t\t<\/div>\n\t\t\t\t<\/div>\n\t\t\t\t\t<\/div>\n\t\t<\/div>\n\t\t\t\t\t<\/div>\n\t\t<\/section>\n\t\t\t\t<\/div>\n\t\t","protected":false},"excerpt":{"rendered":"<p>SCT Building &#8211; La storia \u00c8 interessante sapere che nel 2021 \u00e8 stata fondata la S.C.T. Building, un&#8217;azienda nel settore edile che unisce l&#8217;esperienza della famiglia Barbato, attiva nel settore dell&#8217;arredamento sin dagli anni &#8217;50, con la Barbato Mobili S.r.l. Questa sinergia \u00e8 stata creata con l&#8217;obiettivo di offrire ai clienti servizi sempre pi\u00f9 adeguati [&hellip;]<\/p>\n","protected":false},"author":1,"featured_media":0,"parent":0,"menu_order":0,"comment_status":"closed","ping_status":"closed","template":"","meta":{"footnotes":""},"class_list":["post-4786","page","type-page","status-publish","hentry"],"_links":{"self":[{"href":"https:\/\/sctbuilding.it\/index.php?rest_route=\/wp\/v2\/pages\/4786","targetHints":{"allow":["GET"]}}],"collection":[{"href":"https:\/\/sctbuilding.it\/index.php?rest_route=\/wp\/v2\/pages"}],"about":[{"href":"https:\/\/sctbuilding.it\/index.php?rest_route=\/wp\/v2\/types\/page"}],"author":[{"embeddable":true,"href":"https:\/\/sctbuilding.it\/index.php?rest_route=\/wp\/v2\/users\/1"}],"replies":[{"embeddable":true,"href":"https:\/\/sctbuilding.it\/index.php?rest_route=%2Fwp%2Fv2%2Fcomments&post=4786"}],"version-history":[{"count":83,"href":"https:\/\/sctbuilding.it\/index.php?rest_route=\/wp\/v2\/pages\/4786\/revisions"}],"predecessor-version":[{"id":5149,"href":"https:\/\/sctbuilding.it\/index.php?rest_route=\/wp\/v2\/pages\/4786\/revisions\/5149"}],"wp:attachment":[{"href":"https:\/\/sctbuilding.it\/index.php?rest_route=%2Fwp%2Fv2%2Fmedia&parent=4786"}],"curies":[{"name":"wp","href":"https:\/\/api.w.org\/{rel}","templated":true}]}}